{"id":577,"date":"2026-03-24T13:13:22","date_gmt":"2026-03-24T13:13:22","guid":{"rendered":"https:\/\/redaccionjuvenil.es\/?post_type=tribe_events&#038;p=577"},"modified":"2026-03-26T13:18:31","modified_gmt":"2026-03-26T13:18:31","slug":"la-xxxiii-edicion-de-el-candilazo","status":"publish","type":"tribe_events","link":"https:\/\/redaccionjuvenil.es\/?tribe_events=la-xxxiii-edicion-de-el-candilazo","title":{"rendered":"La XXXIII edici\u00f3n de El Candilazo"},"content":{"rendered":"<p>La <strong>Asociaci\u00f3n Cultural El Candil organiza la XXXIII<\/strong> edici\u00f3n del Candilazo en la <strong>Casa de Juventud Aleste<\/strong>. Se celebrar\u00e1 este pr\u00f3ximo 28 de marzo a las 18:00 por un precio de 2 euros por entrada que se podr\u00e1 adquirir en el mismo lugar. El dinero ir\u00e1 destinado al proyecto solidario en Zarate (Argentina) para el centro socio educativo y comunitario Don Bosco.<\/p>\n<p>El Candilazo incluir\u00e1 diferentes actuaciones organizado por la Asociaci\u00f3n Cultural El Candil como bailes en l\u00ednea, mon\u00f3logos o danzas, entre otras. Al finalizar el evento se ofrecer\u00e1 una chocolatada.<\/p>\n<p>Adem\u00e1s, este evento est\u00e1 enmarcado en un mercadillo solidario que se celebrar\u00e1 en el propio centro, con objetos de comercio justo y tambi\u00e9n elaborados tanto por j\u00f3venes como adultos de la Casa Aleste.<\/p>\n","protected":false},"excerpt":{"rendered":"<p>La Asociaci\u00f3n Cultural El Candil organiza la XXXIII edici\u00f3n del Candilazo en la Casa de Juventud Aleste. Se celebrar\u00e1 este pr\u00f3ximo 28 de marzo a las 18:00 por un precio&#8230;<\/p>\n","protected":false},"author":20,"featured_media":579,"template":"","meta":{"_kadence_starter_templates_imported_post":false,"_tribe_events_status":"","_tribe_events_status_reason":"","footnotes":""},"tags":[48,62,60,58,57,59,61],"tribe_events_cat":[24],"class_list":["post-577","tribe_events","type-tribe_events","status-publish","has-post-thumbnail","hentry","tag-valladolid","tag-28-de-marzo","tag-asociacion-cultural-el-candil","tag-casa-de-juventud-aleste","tag-el-candilazo","tag-federacion-don-bosco","tag-solidario","tribe_events_cat-encuentro-asociativo","cat_encuentro-asociativo"],"yoast_head":"<!-- This site is optimized with the Yoast SEO plugin v27.1.1 - https:\/\/yoast.com\/product\/yoast-seo-wordpress\/ -->\n<title>La XXXIII edici\u00f3n de El Candilazo - RED-ACCI\u00d3N JUVENIL<\/title>\n<meta name=\"description\" content=\"La Asociaci\u00f3n Cultural El Candil organiza la XXXIII edici\u00f3n del Candilazo en la Casa de Juventud Aleste (c\/Pajarillos,1) %\" \/>\n<meta name=\"robots\" content=\"index, follow, max-snippet:-1, max-image-preview:large, max-video-preview:-1\" \/>\n<link rel=\"canonical\" href=\"https:\/\/redaccionjuvenil.es\/?tribe_events=la-xxxiii-edicion-de-el-candilazo\" \/>\n<meta property=\"og:locale\" content=\"es_ES\" \/>\n<meta property=\"og:type\" content=\"article\" \/>\n<meta property=\"og:title\" content=\"La XXXIII edici\u00f3n de El Candilazo - RED-ACCI\u00d3N JUVENIL\" \/>\n<meta property=\"og:description\" content=\"La Asociaci\u00f3n Cultural El Candil organiza la XXXIII edici\u00f3n del Candilazo en la Casa de Juventud Aleste (c\/Pajarillos,1) %\" \/>\n<meta property=\"og:url\" content=\"https:\/\/redaccionjuvenil.es\/?tribe_events=la-xxxiii-edicion-de-el-candilazo\" \/>\n<meta property=\"og:site_name\" content=\"RED-ACCI\u00d3N JUVENIL\" \/>\n<meta property=\"article:modified_time\" content=\"2026-03-26T13:18:31+00:00\" \/>\n<meta property=\"og:image\" content=\"https:\/\/redaccionjuvenil.es\/wp-content\/uploads\/2026\/03\/El-Candilzao-Asociacion-de-Adultos-el-Candil.png\" \/>\n\t<meta property=\"og:image:width\" content=\"1536\" \/>\n\t<meta property=\"og:image:height\" content=\"1024\" \/>\n\t<meta property=\"og:image:type\" content=\"image\/png\" \/>\n<meta name=\"twitter:card\" content=\"summary_large_image\" \/>\n<meta name=\"twitter:label1\" content=\"Tiempo de lectura\" \/>\n\t<meta name=\"twitter:data1\" content=\"1 minuto\" \/>\n<script type=\"application\/ld+json\" class=\"yoast-schema-graph\">{\"@context\":\"https:\/\/schema.org\",\"@graph\":[{\"@type\":\"WebPage\",\"@id\":\"https:\/\/redaccionjuvenil.es\/?tribe_events=la-xxxiii-edicion-de-el-candilazo\",\"url\":\"https:\/\/redaccionjuvenil.es\/?tribe_events=la-xxxiii-edicion-de-el-candilazo\",\"name\":\"La XXXIII edici\u00f3n de El Candilazo - RED-ACCI\u00d3N JUVENIL\",\"isPartOf\":{\"@id\":\"https:\/\/redaccionjuvenil.es\/#website\"},\"primaryImageOfPage\":{\"@id\":\"https:\/\/redaccionjuvenil.es\/?tribe_events=la-xxxiii-edicion-de-el-candilazo#primaryimage\"},\"image\":{\"@id\":\"https:\/\/redaccionjuvenil.es\/?tribe_events=la-xxxiii-edicion-de-el-candilazo#primaryimage\"},\"thumbnailUrl\":\"https:\/\/redaccionjuvenil.es\/wp-content\/uploads\/2026\/03\/El-Candilzao-Asociacion-de-Adultos-el-Candil.png\",\"datePublished\":\"2026-03-24T13:13:22+00:00\",\"dateModified\":\"2026-03-26T13:18:31+00:00\",\"description\":\"La Asociaci\u00f3n Cultural El Candil organiza la XXXIII edici\u00f3n del Candilazo en la Casa de Juventud Aleste (c\/Pajarillos,1) %\",\"breadcrumb\":{\"@id\":\"https:\/\/redaccionjuvenil.es\/?tribe_events=la-xxxiii-edicion-de-el-candilazo#breadcrumb\"},\"inLanguage\":\"es\",\"potentialAction\":[{\"@type\":\"ReadAction\",\"target\":[\"https:\/\/redaccionjuvenil.es\/?tribe_events=la-xxxiii-edicion-de-el-candilazo\"]}]},{\"@type\":\"ImageObject\",\"inLanguage\":\"es\",\"@id\":\"https:\/\/redaccionjuvenil.es\/?tribe_events=la-xxxiii-edicion-de-el-candilazo#primaryimage\",\"url\":\"https:\/\/redaccionjuvenil.es\/wp-content\/uploads\/2026\/03\/El-Candilzao-Asociacion-de-Adultos-el-Candil.png\",\"contentUrl\":\"https:\/\/redaccionjuvenil.es\/wp-content\/uploads\/2026\/03\/El-Candilzao-Asociacion-de-Adultos-el-Candil.png\",\"width\":1536,\"height\":1024,\"caption\":\"Cartel, El Candilazo\"},{\"@type\":\"BreadcrumbList\",\"@id\":\"https:\/\/redaccionjuvenil.es\/?tribe_events=la-xxxiii-edicion-de-el-candilazo#breadcrumb\",\"itemListElement\":[{\"@type\":\"ListItem\",\"position\":1,\"name\":\"Portada\",\"item\":\"https:\/\/redaccionjuvenil.es\/\"},{\"@type\":\"ListItem\",\"position\":2,\"name\":\"Eventos\",\"item\":\"https:\/\/redaccionjuvenil.es\/?post_type=tribe_events\"},{\"@type\":\"ListItem\",\"position\":3,\"name\":\"La XXXIII edici\u00f3n de El Candilazo\"}]},{\"@type\":\"WebSite\",\"@id\":\"https:\/\/redaccionjuvenil.es\/#website\",\"url\":\"https:\/\/redaccionjuvenil.es\/\",\"name\":\"RED-ACCI\u00d3N JUVENIL\",\"description\":\"DONDE LA JUVENTUD INFORMA Y TRANSFORMA\",\"publisher\":{\"@id\":\"https:\/\/redaccionjuvenil.es\/#organization\"},\"potentialAction\":[{\"@type\":\"SearchAction\",\"target\":{\"@type\":\"EntryPoint\",\"urlTemplate\":\"https:\/\/redaccionjuvenil.es\/?s={search_term_string}\"},\"query-input\":{\"@type\":\"PropertyValueSpecification\",\"valueRequired\":true,\"valueName\":\"search_term_string\"}}],\"inLanguage\":\"es\"},{\"@type\":\"Organization\",\"@id\":\"https:\/\/redaccionjuvenil.es\/#organization\",\"name\":\"RED-ACCI\u00d3N JUVENIL\",\"url\":\"https:\/\/redaccionjuvenil.es\/\",\"logo\":{\"@type\":\"ImageObject\",\"inLanguage\":\"es\",\"@id\":\"https:\/\/redaccionjuvenil.es\/#\/schema\/logo\/image\/\",\"url\":\"https:\/\/redaccionjuvenil.es\/wp-content\/uploads\/2026\/03\/cropped-cropped-logo_redaccion_juvenil_primer_propuesta-1.png\",\"contentUrl\":\"https:\/\/redaccionjuvenil.es\/wp-content\/uploads\/2026\/03\/cropped-cropped-logo_redaccion_juvenil_primer_propuesta-1.png\",\"width\":723,\"height\":723,\"caption\":\"RED-ACCI\u00d3N JUVENIL\"},\"image\":{\"@id\":\"https:\/\/redaccionjuvenil.es\/#\/schema\/logo\/image\/\"}}]}<\/script>\n<!-- \/ Yoast SEO plugin. -->","yoast_head_json":{"title":"La XXXIII edici\u00f3n de El Candilazo - RED-ACCI\u00d3N JUVENIL","description":"La Asociaci\u00f3n Cultural El Candil organiza la XXXIII edici\u00f3n del Candilazo en la Casa de Juventud Aleste (c\/Pajarillos,1) %","robots":{"index":"index","follow":"follow","max-snippet":"max-snippet:-1","max-image-preview":"max-image-preview:large","max-video-preview":"max-video-preview:-1"},"canonical":"https:\/\/redaccionjuvenil.es\/?tribe_events=la-xxxiii-edicion-de-el-candilazo","og_locale":"es_ES","og_type":"article","og_title":"La XXXIII edici\u00f3n de El Candilazo - RED-ACCI\u00d3N JUVENIL","og_description":"La Asociaci\u00f3n Cultural El Candil organiza la XXXIII edici\u00f3n del Candilazo en la Casa de Juventud Aleste (c\/Pajarillos,1) %","og_url":"https:\/\/redaccionjuvenil.es\/?tribe_events=la-xxxiii-edicion-de-el-candilazo","og_site_name":"RED-ACCI\u00d3N JUVENIL","article_modified_time":"2026-03-26T13:18:31+00:00","og_image":[{"width":1536,"height":1024,"url":"https:\/\/redaccionjuvenil.es\/wp-content\/uploads\/2026\/03\/El-Candilzao-Asociacion-de-Adultos-el-Candil.png","type":"image\/png"}],"twitter_card":"summary_large_image","twitter_misc":{"Tiempo de lectura":"1 minuto"},"schema":{"@context":"https:\/\/schema.org","@graph":[{"@type":"WebPage","@id":"https:\/\/redaccionjuvenil.es\/?tribe_events=la-xxxiii-edicion-de-el-candilazo","url":"https:\/\/redaccionjuvenil.es\/?tribe_events=la-xxxiii-edicion-de-el-candilazo","name":"La XXXIII edici\u00f3n de El Candilazo - RED-ACCI\u00d3N JUVENIL","isPartOf":{"@id":"https:\/\/redaccionjuvenil.es\/#website"},"primaryImageOfPage":{"@id":"https:\/\/redaccionjuvenil.es\/?tribe_events=la-xxxiii-edicion-de-el-candilazo#primaryimage"},"image":{"@id":"https:\/\/redaccionjuvenil.es\/?tribe_events=la-xxxiii-edicion-de-el-candilazo#primaryimage"},"thumbnailUrl":"https:\/\/redaccionjuvenil.es\/wp-content\/uploads\/2026\/03\/El-Candilzao-Asociacion-de-Adultos-el-Candil.png","datePublished":"2026-03-24T13:13:22+00:00","dateModified":"2026-03-26T13:18:31+00:00","description":"La Asociaci\u00f3n Cultural El Candil organiza la XXXIII edici\u00f3n del Candilazo en la Casa de Juventud Aleste (c\/Pajarillos,1) %","breadcrumb":{"@id":"https:\/\/redaccionjuvenil.es\/?tribe_events=la-xxxiii-edicion-de-el-candilazo#breadcrumb"},"inLanguage":"es","potentialAction":[{"@type":"ReadAction","target":["https:\/\/redaccionjuvenil.es\/?tribe_events=la-xxxiii-edicion-de-el-candilazo"]}]},{"@type":"ImageObject","inLanguage":"es","@id":"https:\/\/redaccionjuvenil.es\/?tribe_events=la-xxxiii-edicion-de-el-candilazo#primaryimage","url":"https:\/\/redaccionjuvenil.es\/wp-content\/uploads\/2026\/03\/El-Candilzao-Asociacion-de-Adultos-el-Candil.png","contentUrl":"https:\/\/redaccionjuvenil.es\/wp-content\/uploads\/2026\/03\/El-Candilzao-Asociacion-de-Adultos-el-Candil.png","width":1536,"height":1024,"caption":"Cartel, El Candilazo"},{"@type":"BreadcrumbList","@id":"https:\/\/redaccionjuvenil.es\/?tribe_events=la-xxxiii-edicion-de-el-candilazo#breadcrumb","itemListElement":[{"@type":"ListItem","position":1,"name":"Portada","item":"https:\/\/redaccionjuvenil.es\/"},{"@type":"ListItem","position":2,"name":"Eventos","item":"https:\/\/redaccionjuvenil.es\/?post_type=tribe_events"},{"@type":"ListItem","position":3,"name":"La XXXIII edici\u00f3n de El Candilazo"}]},{"@type":"WebSite","@id":"https:\/\/redaccionjuvenil.es\/#website","url":"https:\/\/redaccionjuvenil.es\/","name":"RED-ACCI\u00d3N JUVENIL","description":"DONDE LA JUVENTUD INFORMA Y TRANSFORMA","publisher":{"@id":"https:\/\/redaccionjuvenil.es\/#organization"},"potentialAction":[{"@type":"SearchAction","target":{"@type":"EntryPoint","urlTemplate":"https:\/\/redaccionjuvenil.es\/?s={search_term_string}"},"query-input":{"@type":"PropertyValueSpecification","valueRequired":true,"valueName":"search_term_string"}}],"inLanguage":"es"},{"@type":"Organization","@id":"https:\/\/redaccionjuvenil.es\/#organization","name":"RED-ACCI\u00d3N JUVENIL","url":"https:\/\/redaccionjuvenil.es\/","logo":{"@type":"ImageObject","inLanguage":"es","@id":"https:\/\/redaccionjuvenil.es\/#\/schema\/logo\/image\/","url":"https:\/\/redaccionjuvenil.es\/wp-content\/uploads\/2026\/03\/cropped-cropped-logo_redaccion_juvenil_primer_propuesta-1.png","contentUrl":"https:\/\/redaccionjuvenil.es\/wp-content\/uploads\/2026\/03\/cropped-cropped-logo_redaccion_juvenil_primer_propuesta-1.png","width":723,"height":723,"caption":"RED-ACCI\u00d3N JUVENIL"},"image":{"@id":"https:\/\/redaccionjuvenil.es\/#\/schema\/logo\/image\/"}}]}},"_links":{"self":[{"href":"https:\/\/redaccionjuvenil.es\/index.php?rest_route=\/wp\/v2\/tribe_events\/577","targetHints":{"allow":["GET"]}}],"collection":[{"href":"https:\/\/redaccionjuvenil.es\/index.php?rest_route=\/wp\/v2\/tribe_events"}],"about":[{"href":"https:\/\/redaccionjuvenil.es\/index.php?rest_route=\/wp\/v2\/types\/tribe_events"}],"author":[{"embeddable":true,"href":"https:\/\/redaccionjuvenil.es\/index.php?rest_route=\/wp\/v2\/users\/20"}],"version-history":[{"count":4,"href":"https:\/\/redaccionjuvenil.es\/index.php?rest_route=\/wp\/v2\/tribe_events\/577\/revisions"}],"predecessor-version":[{"id":590,"href":"https:\/\/redaccionjuvenil.es\/index.php?rest_route=\/wp\/v2\/tribe_events\/577\/revisions\/590"}],"wp:featuredmedia":[{"embeddable":true,"href":"https:\/\/redaccionjuvenil.es\/index.php?rest_route=\/wp\/v2\/media\/579"}],"wp:attachment":[{"href":"https:\/\/redaccionjuvenil.es\/index.php?rest_route=%2Fwp%2Fv2%2Fmedia&parent=577"}],"wp:term":[{"taxonomy":"post_tag","embeddable":true,"href":"https:\/\/redaccionjuvenil.es\/index.php?rest_route=%2Fwp%2Fv2%2Ftags&post=577"},{"taxonomy":"tribe_events_cat","embeddable":true,"href":"https:\/\/redaccionjuvenil.es\/index.php?rest_route=%2Fwp%2Fv2%2Ftribe_events_cat&post=577"}],"curies":[{"name":"wp","href":"https:\/\/api.w.org\/{rel}","templated":true}]}}

La XXXIII edición de El Candilazo

<p>La <strong>Asociación Cultural El Candil organiza la XXXIII</strong> edición del Candilazo en la <strong>Casa de Juventud Aleste</strong>. Se celebrará este próximo 28 de marzo a las 18:00 por un precio de 2 euros por entrada que se podrá adquirir en el mismo lugar. El dinero irá destinado al proyecto solidario en Zarate (Argentina) para el centro socio educativo y comunitario Don Bosco.</p>
<p>El Candilazo incluirá diferentes actuaciones organizado por la Asociación Cultural El Candil como bailes en línea, monólogos o danzas, entre otras. Al finalizar el evento se ofrecerá una chocolatada.</p>
<p>Además, este evento está enmarcado en un mercadillo solidario que se celebrará en el propio centro, con objetos de comercio justo y también elaborados tanto por jóvenes como adultos de la Casa Aleste.</p>

<p>La Asociación Cultural El Candil organiza la XXXIII edición del Candilazo en la Casa de Juventud Aleste. Se celebrará este próximo 28 de marzo a las 18:00 por un precio&#8230;</p>

<!-- This site is optimized with the Yoast SEO plugin v27.1.1 - https://yoast.com/product/yoast-seo-wordpress/ -->
<title>La XXXIII edición de El Candilazo - RED-ACCIÓN JUVENIL</title>
<meta name="description" content="La Asociación Cultural El Candil organiza la XXXIII edición del Candilazo en la Casa de Juventud Aleste (c/Pajarillos,1) %" />
<meta name="robots" content="index, follow, max-snippet:-1, max-image-preview:large, max-video-preview:-1" />
<link rel="canonical" href="https://redaccionjuvenil.es/?tribe_events=la-xxxiii-edicion-de-el-candilazo" />
<meta property="og:locale" content="es_ES" />
<meta property="og:type" content="article" />
<meta property="og:title" content="La XXXIII edición de El Candilazo - RED-ACCIÓN JUVENIL" />
<meta property="og:description" content="La Asociación Cultural El Candil organiza la XXXIII edición del Candilazo en la Casa de Juventud Aleste (c/Pajarillos,1) %" />
<meta property="og:url" content="https://redaccionjuvenil.es/?tribe_events=la-xxxiii-edicion-de-el-candilazo" />
<meta property="og:site_name" content="RED-ACCIÓN JUVENIL" />
<meta property="article:modified_time" content="2026-03-26T13:18:31+00:00" />
<meta property="og:image" content="https://redaccionjuvenil.es/wp-content/uploads/2026/03/El-Candilzao-Asociacion-de-Adultos-el-Candil.png" />
	<meta property="og:image:width" content="1536" />
	<meta property="og:image:height" content="1024" />
	<meta property="og:image:type" content="image/png" />
<meta name="twitter:card" content="summary_large_image" />
<meta name="twitter:label1" content="Tiempo de lectura" />
	<meta name="twitter:data1" content="1 minuto" />
<script type="application/ld+json" class="yoast-schema-graph">{"@context":"https://schema.org","@graph":[{"@type":"WebPage","@id":"https://redaccionjuvenil.es/?tribe_events=la-xxxiii-edicion-de-el-candilazo","url":"https://redaccionjuvenil.es/?tribe_events=la-xxxiii-edicion-de-el-candilazo","name":"La XXXIII edición de El Candilazo - RED-ACCIÓN JUVENIL","isPartOf":{"@id":"https://redaccionjuvenil.es/#website"},"primaryImageOfPage":{"@id":"https://redaccionjuvenil.es/?tribe_events=la-xxxiii-edicion-de-el-candilazo#primaryimage"},"image":{"@id":"https://redaccionjuvenil.es/?tribe_events=la-xxxiii-edicion-de-el-candilazo#primaryimage"},"thumbnailUrl":"https://redaccionjuvenil.es/wp-content/uploads/2026/03/El-Candilzao-Asociacion-de-Adultos-el-Candil.png","datePublished":"2026-03-24T13:13:22+00:00","dateModified":"2026-03-26T13:18:31+00:00","description":"La Asociación Cultural El Candil organiza la XXXIII edición del Candilazo en la Casa de Juventud Aleste (c/Pajarillos,1) %","breadcrumb":{"@id":"https://redaccionjuvenil.es/?tribe_events=la-xxxiii-edicion-de-el-candilazo#breadcrumb"},"inLanguage":"es","potentialAction":[{"@type":"ReadAction","target":["https://redaccionjuvenil.es/?tribe_events=la-xxxiii-edicion-de-el-candilazo"]}]},{"@type":"ImageObject","inLanguage":"es","@id":"https://redaccionjuvenil.es/?tribe_events=la-xxxiii-edicion-de-el-candilazo#primaryimage","url":"https://redaccionjuvenil.es/wp-content/uploads/2026/03/El-Candilzao-Asociacion-de-Adultos-el-Candil.png","contentUrl":"https://redaccionjuvenil.es/wp-content/uploads/2026/03/El-Candilzao-Asociacion-de-Adultos-el-Candil.png","width":1536,"height":1024,"caption":"Cartel, El Candilazo"},{"@type":"BreadcrumbList","@id":"https://redaccionjuvenil.es/?tribe_events=la-xxxiii-edicion-de-el-candilazo#breadcrumb","itemListElement":[{"@type":"ListItem","position":1,"name":"Portada","item":"https://redaccionjuvenil.es/"},{"@type":"ListItem","position":2,"name":"Eventos","item":"https://redaccionjuvenil.es/?post_type=tribe_events"},{"@type":"ListItem","position":3,"name":"La XXXIII edición de El Candilazo"}]},{"@type":"WebSite","@id":"https://redaccionjuvenil.es/#website","url":"https://redaccionjuvenil.es/","name":"RED-ACCIÓN JUVENIL","description":"DONDE LA JUVENTUD INFORMA Y TRANSFORMA","publisher":{"@id":"https://redaccionjuvenil.es/#organization"},"potentialAction":[{"@type":"SearchAction","target":{"@type":"EntryPoint","urlTemplate":"https://redaccionjuvenil.es/?s={search_term_string}"},"query-input":{"@type":"PropertyValueSpecification","valueRequired":true,"valueName":"search_term_string"}}],"inLanguage":"es"},{"@type":"Organization","@id":"https://redaccionjuvenil.es/#organization","name":"RED-ACCIÓN JUVENIL","url":"https://redaccionjuvenil.es/","logo":{"@type":"ImageObject","inLanguage":"es","@id":"https://redaccionjuvenil.es/#/schema/logo/image/","url":"https://redaccionjuvenil.es/wp-content/uploads/2026/03/cropped-cropped-logo_redaccion_juvenil_primer_propuesta-1.png","contentUrl":"https://redaccionjuvenil.es/wp-content/uploads/2026/03/cropped-cropped-logo_redaccion_juvenil_primer_propuesta-1.png","width":723,"height":723,"caption":"RED-ACCIÓN JUVENIL"},"image":{"@id":"https://redaccionjuvenil.es/#/schema/logo/image/"}}]}</script>
<!-- / Yoast SEO plugin. -->

La XXXIII edición de El Candilazo - RED-ACCIÓN JUVENIL

La Asociación Cultural El Candil organiza la XXXIII edición del Candilazo en la Casa de Juventud Aleste (c/Pajarillos,1) %

RED-ACCIÓN JUVENIL
