{"id":776,"date":"2026-04-08T15:30:59","date_gmt":"2026-04-08T15:30:59","guid":{"rendered":"https:\/\/redaccionjuvenil.es\/?post_type=tribe_events&#038;p=776"},"modified":"2026-04-08T15:30:59","modified_gmt":"2026-04-08T15:30:59","slug":"dia-del-arte-actividad-de-scrapbooking","status":"publish","type":"tribe_events","link":"https:\/\/redaccionjuvenil.es\/?tribe_events=dia-del-arte-actividad-de-scrapbooking","title":{"rendered":"D\u00eda del Arte: actividad de scrapbooking"},"content":{"rendered":"<p><img loading=\"lazy\" decoding=\"async\" class=\" wp-image-780 aligncenter\" src=\"https:\/\/redaccionjuvenil.es\/wp-content\/uploads\/2026\/04\/sh1ra-vision-board-520757-300x225.jpg\" alt=\"Libreta con recortes que forman un collage.\" width=\"476\" height=\"357\" srcset=\"https:\/\/redaccionjuvenil.es\/wp-content\/uploads\/2026\/04\/sh1ra-vision-board-520757-300x225.jpg 300w, https:\/\/redaccionjuvenil.es\/wp-content\/uploads\/2026\/04\/sh1ra-vision-board-520757-1024x768.jpg 1024w, https:\/\/redaccionjuvenil.es\/wp-content\/uploads\/2026\/04\/sh1ra-vision-board-520757-768x576.jpg 768w, https:\/\/redaccionjuvenil.es\/wp-content\/uploads\/2026\/04\/sh1ra-vision-board-520757-1536x1152.jpg 1536w, https:\/\/redaccionjuvenil.es\/wp-content\/uploads\/2026\/04\/sh1ra-vision-board-520757-2048x1536.jpg 2048w\" sizes=\"auto, (max-width: 476px) 100vw, 476px\" \/><\/p>\n<p>ASPAYM Juventud celebra el pr\u00f3ximo 15 de abril el <strong>D\u00eda del Arte<\/strong>. Act\u00edvate apuesta por el &#8216;scrapbooking&#8217;. En la actividad los asistentes deber\u00e1n crear sus obras con recortes, fotos, washi-tape y todo tipo de adornos. El D\u00eda del Arte tendr\u00e1 lugar en el <strong>Espacio Joven Norte de Valladolid<\/strong> a las <strong>18.00<\/strong> horas.<\/p>\n","protected":false},"excerpt":{"rendered":"<p>ASPAYM Juventud celebra el pr\u00f3ximo 15 de abril el D\u00eda del Arte. Act\u00edvate apuesta por el &#8216;scrapbooking&#8217;. En la actividad los asistentes deber\u00e1n crear sus obras con recortes, fotos, washi-tape&#8230;<\/p>\n","protected":false},"author":9,"featured_media":0,"template":"","meta":{"_kadence_starter_templates_imported_post":false,"_tribe_events_status":"","_tribe_events_status_reason":"","footnotes":""},"tags":[],"tribe_events_cat":[],"class_list":["post-776","tribe_events","type-tribe_events","status-publish","hentry"],"yoast_head":"<!-- This site is optimized with the Yoast SEO plugin v27.1.1 - https:\/\/yoast.com\/product\/yoast-seo-wordpress\/ -->\n<title>D\u00eda del Arte: actividad de scrapbooking - RED-ACCI\u00d3N JUVENIL<\/title>\n<meta name=\"description\" content=\"ASPAYM Juventud celebra el D\u00eda del Arte haciendo scrapbooking. La actividad ser\u00e1 el 15 de abril a las 18.00 horas en el Espacio Joven Norte.\" \/>\n<meta name=\"robots\" content=\"index, follow, max-snippet:-1, max-image-preview:large, max-video-preview:-1\" \/>\n<link rel=\"canonical\" href=\"https:\/\/redaccionjuvenil.es\/?tribe_events=dia-del-arte-actividad-de-scrapbooking\" \/>\n<meta property=\"og:locale\" content=\"es_ES\" \/>\n<meta property=\"og:type\" content=\"article\" \/>\n<meta property=\"og:title\" content=\"D\u00eda del Arte: actividad de scrapbooking - RED-ACCI\u00d3N JUVENIL\" \/>\n<meta property=\"og:description\" content=\"ASPAYM Juventud celebra el D\u00eda del Arte haciendo scrapbooking. La actividad ser\u00e1 el 15 de abril a las 18.00 horas en el Espacio Joven Norte.\" \/>\n<meta property=\"og:url\" content=\"https:\/\/redaccionjuvenil.es\/?tribe_events=dia-del-arte-actividad-de-scrapbooking\" \/>\n<meta property=\"og:site_name\" content=\"RED-ACCI\u00d3N JUVENIL\" \/>\n<meta property=\"og:image\" content=\"https:\/\/redaccionjuvenil.es\/wp-content\/uploads\/2026\/04\/sh1ra-vision-board-520757-scaled.jpg\" \/>\n\t<meta property=\"og:image:width\" content=\"2560\" \/>\n\t<meta property=\"og:image:height\" content=\"1920\" \/>\n\t<meta property=\"og:image:type\" content=\"image\/jpeg\" \/>\n<meta name=\"twitter:card\" content=\"summary_large_image\" \/>\n<meta name=\"twitter:label1\" content=\"Tiempo de lectura\" \/>\n\t<meta name=\"twitter:data1\" content=\"1 minuto\" \/>\n<script type=\"application\/ld+json\" class=\"yoast-schema-graph\">{\"@context\":\"https:\/\/schema.org\",\"@graph\":[{\"@type\":\"WebPage\",\"@id\":\"https:\/\/redaccionjuvenil.es\/?tribe_events=dia-del-arte-actividad-de-scrapbooking\",\"url\":\"https:\/\/redaccionjuvenil.es\/?tribe_events=dia-del-arte-actividad-de-scrapbooking\",\"name\":\"D\u00eda del Arte: actividad de scrapbooking - RED-ACCI\u00d3N JUVENIL\",\"isPartOf\":{\"@id\":\"https:\/\/redaccionjuvenil.es\/#website\"},\"primaryImageOfPage\":{\"@id\":\"https:\/\/redaccionjuvenil.es\/?tribe_events=dia-del-arte-actividad-de-scrapbooking#primaryimage\"},\"image\":{\"@id\":\"https:\/\/redaccionjuvenil.es\/?tribe_events=dia-del-arte-actividad-de-scrapbooking#primaryimage\"},\"thumbnailUrl\":\"https:\/\/redaccionjuvenil.es\/wp-content\/uploads\/2026\/04\/sh1ra-vision-board-520757-300x225.jpg\",\"datePublished\":\"2026-04-08T15:30:59+00:00\",\"description\":\"ASPAYM Juventud celebra el D\u00eda del Arte haciendo scrapbooking. La actividad ser\u00e1 el 15 de abril a las 18.00 horas en el Espacio Joven Norte.\",\"breadcrumb\":{\"@id\":\"https:\/\/redaccionjuvenil.es\/?tribe_events=dia-del-arte-actividad-de-scrapbooking#breadcrumb\"},\"inLanguage\":\"es\",\"potentialAction\":[{\"@type\":\"ReadAction\",\"target\":[\"https:\/\/redaccionjuvenil.es\/?tribe_events=dia-del-arte-actividad-de-scrapbooking\"]}]},{\"@type\":\"ImageObject\",\"inLanguage\":\"es\",\"@id\":\"https:\/\/redaccionjuvenil.es\/?tribe_events=dia-del-arte-actividad-de-scrapbooking#primaryimage\",\"url\":\"https:\/\/redaccionjuvenil.es\/wp-content\/uploads\/2026\/04\/sh1ra-vision-board-520757-scaled.jpg\",\"contentUrl\":\"https:\/\/redaccionjuvenil.es\/wp-content\/uploads\/2026\/04\/sh1ra-vision-board-520757-scaled.jpg\",\"width\":2560,\"height\":1920,\"caption\":\"Libreta con recortes que forman un collage.\"},{\"@type\":\"BreadcrumbList\",\"@id\":\"https:\/\/redaccionjuvenil.es\/?tribe_events=dia-del-arte-actividad-de-scrapbooking#breadcrumb\",\"itemListElement\":[{\"@type\":\"ListItem\",\"position\":1,\"name\":\"Portada\",\"item\":\"https:\/\/redaccionjuvenil.es\/\"},{\"@type\":\"ListItem\",\"position\":2,\"name\":\"Eventos\",\"item\":\"https:\/\/redaccionjuvenil.es\/?post_type=tribe_events\"},{\"@type\":\"ListItem\",\"position\":3,\"name\":\"D\u00eda del Arte: actividad de scrapbooking\"}]},{\"@type\":\"WebSite\",\"@id\":\"https:\/\/redaccionjuvenil.es\/#website\",\"url\":\"https:\/\/redaccionjuvenil.es\/\",\"name\":\"RED-ACCI\u00d3N JUVENIL\",\"description\":\"DONDE LA JUVENTUD INFORMA Y TRANSFORMA\",\"publisher\":{\"@id\":\"https:\/\/redaccionjuvenil.es\/#organization\"},\"potentialAction\":[{\"@type\":\"SearchAction\",\"target\":{\"@type\":\"EntryPoint\",\"urlTemplate\":\"https:\/\/redaccionjuvenil.es\/?s={search_term_string}\"},\"query-input\":{\"@type\":\"PropertyValueSpecification\",\"valueRequired\":true,\"valueName\":\"search_term_string\"}}],\"inLanguage\":\"es\"},{\"@type\":\"Organization\",\"@id\":\"https:\/\/redaccionjuvenil.es\/#organization\",\"name\":\"RED-ACCI\u00d3N JUVENIL\",\"url\":\"https:\/\/redaccionjuvenil.es\/\",\"logo\":{\"@type\":\"ImageObject\",\"inLanguage\":\"es\",\"@id\":\"https:\/\/redaccionjuvenil.es\/#\/schema\/logo\/image\/\",\"url\":\"https:\/\/redaccionjuvenil.es\/wp-content\/uploads\/2026\/03\/cropped-cropped-logo_redaccion_juvenil_primer_propuesta-1.png\",\"contentUrl\":\"https:\/\/redaccionjuvenil.es\/wp-content\/uploads\/2026\/03\/cropped-cropped-logo_redaccion_juvenil_primer_propuesta-1.png\",\"width\":723,\"height\":723,\"caption\":\"RED-ACCI\u00d3N JUVENIL\"},\"image\":{\"@id\":\"https:\/\/redaccionjuvenil.es\/#\/schema\/logo\/image\/\"}}]}<\/script>\n<!-- \/ Yoast SEO plugin. -->","yoast_head_json":{"title":"D\u00eda del Arte: actividad de scrapbooking - RED-ACCI\u00d3N JUVENIL","description":"ASPAYM Juventud celebra el D\u00eda del Arte haciendo scrapbooking. La actividad ser\u00e1 el 15 de abril a las 18.00 horas en el Espacio Joven Norte.","robots":{"index":"index","follow":"follow","max-snippet":"max-snippet:-1","max-image-preview":"max-image-preview:large","max-video-preview":"max-video-preview:-1"},"canonical":"https:\/\/redaccionjuvenil.es\/?tribe_events=dia-del-arte-actividad-de-scrapbooking","og_locale":"es_ES","og_type":"article","og_title":"D\u00eda del Arte: actividad de scrapbooking - RED-ACCI\u00d3N JUVENIL","og_description":"ASPAYM Juventud celebra el D\u00eda del Arte haciendo scrapbooking. La actividad ser\u00e1 el 15 de abril a las 18.00 horas en el Espacio Joven Norte.","og_url":"https:\/\/redaccionjuvenil.es\/?tribe_events=dia-del-arte-actividad-de-scrapbooking","og_site_name":"RED-ACCI\u00d3N JUVENIL","og_image":[{"width":2560,"height":1920,"url":"https:\/\/redaccionjuvenil.es\/wp-content\/uploads\/2026\/04\/sh1ra-vision-board-520757-scaled.jpg","type":"image\/jpeg"}],"twitter_card":"summary_large_image","twitter_misc":{"Tiempo de lectura":"1 minuto"},"schema":{"@context":"https:\/\/schema.org","@graph":[{"@type":"WebPage","@id":"https:\/\/redaccionjuvenil.es\/?tribe_events=dia-del-arte-actividad-de-scrapbooking","url":"https:\/\/redaccionjuvenil.es\/?tribe_events=dia-del-arte-actividad-de-scrapbooking","name":"D\u00eda del Arte: actividad de scrapbooking - RED-ACCI\u00d3N JUVENIL","isPartOf":{"@id":"https:\/\/redaccionjuvenil.es\/#website"},"primaryImageOfPage":{"@id":"https:\/\/redaccionjuvenil.es\/?tribe_events=dia-del-arte-actividad-de-scrapbooking#primaryimage"},"image":{"@id":"https:\/\/redaccionjuvenil.es\/?tribe_events=dia-del-arte-actividad-de-scrapbooking#primaryimage"},"thumbnailUrl":"https:\/\/redaccionjuvenil.es\/wp-content\/uploads\/2026\/04\/sh1ra-vision-board-520757-300x225.jpg","datePublished":"2026-04-08T15:30:59+00:00","description":"ASPAYM Juventud celebra el D\u00eda del Arte haciendo scrapbooking. La actividad ser\u00e1 el 15 de abril a las 18.00 horas en el Espacio Joven Norte.","breadcrumb":{"@id":"https:\/\/redaccionjuvenil.es\/?tribe_events=dia-del-arte-actividad-de-scrapbooking#breadcrumb"},"inLanguage":"es","potentialAction":[{"@type":"ReadAction","target":["https:\/\/redaccionjuvenil.es\/?tribe_events=dia-del-arte-actividad-de-scrapbooking"]}]},{"@type":"ImageObject","inLanguage":"es","@id":"https:\/\/redaccionjuvenil.es\/?tribe_events=dia-del-arte-actividad-de-scrapbooking#primaryimage","url":"https:\/\/redaccionjuvenil.es\/wp-content\/uploads\/2026\/04\/sh1ra-vision-board-520757-scaled.jpg","contentUrl":"https:\/\/redaccionjuvenil.es\/wp-content\/uploads\/2026\/04\/sh1ra-vision-board-520757-scaled.jpg","width":2560,"height":1920,"caption":"Libreta con recortes que forman un collage."},{"@type":"BreadcrumbList","@id":"https:\/\/redaccionjuvenil.es\/?tribe_events=dia-del-arte-actividad-de-scrapbooking#breadcrumb","itemListElement":[{"@type":"ListItem","position":1,"name":"Portada","item":"https:\/\/redaccionjuvenil.es\/"},{"@type":"ListItem","position":2,"name":"Eventos","item":"https:\/\/redaccionjuvenil.es\/?post_type=tribe_events"},{"@type":"ListItem","position":3,"name":"D\u00eda del Arte: actividad de scrapbooking"}]},{"@type":"WebSite","@id":"https:\/\/redaccionjuvenil.es\/#website","url":"https:\/\/redaccionjuvenil.es\/","name":"RED-ACCI\u00d3N JUVENIL","description":"DONDE LA JUVENTUD INFORMA Y TRANSFORMA","publisher":{"@id":"https:\/\/redaccionjuvenil.es\/#organization"},"potentialAction":[{"@type":"SearchAction","target":{"@type":"EntryPoint","urlTemplate":"https:\/\/redaccionjuvenil.es\/?s={search_term_string}"},"query-input":{"@type":"PropertyValueSpecification","valueRequired":true,"valueName":"search_term_string"}}],"inLanguage":"es"},{"@type":"Organization","@id":"https:\/\/redaccionjuvenil.es\/#organization","name":"RED-ACCI\u00d3N JUVENIL","url":"https:\/\/redaccionjuvenil.es\/","logo":{"@type":"ImageObject","inLanguage":"es","@id":"https:\/\/redaccionjuvenil.es\/#\/schema\/logo\/image\/","url":"https:\/\/redaccionjuvenil.es\/wp-content\/uploads\/2026\/03\/cropped-cropped-logo_redaccion_juvenil_primer_propuesta-1.png","contentUrl":"https:\/\/redaccionjuvenil.es\/wp-content\/uploads\/2026\/03\/cropped-cropped-logo_redaccion_juvenil_primer_propuesta-1.png","width":723,"height":723,"caption":"RED-ACCI\u00d3N JUVENIL"},"image":{"@id":"https:\/\/redaccionjuvenil.es\/#\/schema\/logo\/image\/"}}]}},"_links":{"self":[{"href":"https:\/\/redaccionjuvenil.es\/index.php?rest_route=\/wp\/v2\/tribe_events\/776","targetHints":{"allow":["GET"]}}],"collection":[{"href":"https:\/\/redaccionjuvenil.es\/index.php?rest_route=\/wp\/v2\/tribe_events"}],"about":[{"href":"https:\/\/redaccionjuvenil.es\/index.php?rest_route=\/wp\/v2\/types\/tribe_events"}],"author":[{"embeddable":true,"href":"https:\/\/redaccionjuvenil.es\/index.php?rest_route=\/wp\/v2\/users\/9"}],"version-history":[{"count":4,"href":"https:\/\/redaccionjuvenil.es\/index.php?rest_route=\/wp\/v2\/tribe_events\/776\/revisions"}],"predecessor-version":[{"id":787,"href":"https:\/\/redaccionjuvenil.es\/index.php?rest_route=\/wp\/v2\/tribe_events\/776\/revisions\/787"}],"wp:attachment":[{"href":"https:\/\/redaccionjuvenil.es\/index.php?rest_route=%2Fwp%2Fv2%2Fmedia&parent=776"}],"wp:term":[{"taxonomy":"post_tag","embeddable":true,"href":"https:\/\/redaccionjuvenil.es\/index.php?rest_route=%2Fwp%2Fv2%2Ftags&post=776"},{"taxonomy":"tribe_events_cat","embeddable":true,"href":"https:\/\/redaccionjuvenil.es\/index.php?rest_route=%2Fwp%2Fv2%2Ftribe_events_cat&post=776"}],"curies":[{"name":"wp","href":"https:\/\/api.w.org\/{rel}","templated":true}]}}

Día del Arte: actividad de scrapbooking

<p><img loading="lazy" decoding="async" class=" wp-image-780 aligncenter" src="https://redaccionjuvenil.es/wp-content/uploads/2026/04/sh1ra-vision-board-520757-300x225.jpg" alt="Libreta con recortes que forman un collage." width="476" height="357" srcset="https://redaccionjuvenil.es/wp-content/uploads/2026/04/sh1ra-vision-board-520757-300x225.jpg 300w, https://redaccionjuvenil.es/wp-content/uploads/2026/04/sh1ra-vision-board-520757-1024x768.jpg 1024w, https://redaccionjuvenil.es/wp-content/uploads/2026/04/sh1ra-vision-board-520757-768x576.jpg 768w, https://redaccionjuvenil.es/wp-content/uploads/2026/04/sh1ra-vision-board-520757-1536x1152.jpg 1536w, https://redaccionjuvenil.es/wp-content/uploads/2026/04/sh1ra-vision-board-520757-2048x1536.jpg 2048w" sizes="auto, (max-width: 476px) 100vw, 476px" /></p>
<p>ASPAYM Juventud celebra el próximo 15 de abril el <strong>Día del Arte</strong>. Actívate apuesta por el &#8216;scrapbooking&#8217;. En la actividad los asistentes deberán crear sus obras con recortes, fotos, washi-tape y todo tipo de adornos. El Día del Arte tendrá lugar en el <strong>Espacio Joven Norte de Valladolid</strong> a las <strong>18.00</strong> horas.</p>

<p>ASPAYM Juventud celebra el próximo 15 de abril el Día del Arte. Actívate apuesta por el &#8216;scrapbooking&#8217;. En la actividad los asistentes deberán crear sus obras con recortes, fotos, washi-tape&#8230;</p>

<!-- This site is optimized with the Yoast SEO plugin v27.1.1 - https://yoast.com/product/yoast-seo-wordpress/ -->
<title>Día del Arte: actividad de scrapbooking - RED-ACCIÓN JUVENIL</title>
<meta name="description" content="ASPAYM Juventud celebra el Día del Arte haciendo scrapbooking. La actividad será el 15 de abril a las 18.00 horas en el Espacio Joven Norte." />
<meta name="robots" content="index, follow, max-snippet:-1, max-image-preview:large, max-video-preview:-1" />
<link rel="canonical" href="https://redaccionjuvenil.es/?tribe_events=dia-del-arte-actividad-de-scrapbooking" />
<meta property="og:locale" content="es_ES" />
<meta property="og:type" content="article" />
<meta property="og:title" content="Día del Arte: actividad de scrapbooking - RED-ACCIÓN JUVENIL" />
<meta property="og:description" content="ASPAYM Juventud celebra el Día del Arte haciendo scrapbooking. La actividad será el 15 de abril a las 18.00 horas en el Espacio Joven Norte." />
<meta property="og:url" content="https://redaccionjuvenil.es/?tribe_events=dia-del-arte-actividad-de-scrapbooking" />
<meta property="og:site_name" content="RED-ACCIÓN JUVENIL" />
<meta property="og:image" content="https://redaccionjuvenil.es/wp-content/uploads/2026/04/sh1ra-vision-board-520757-scaled.jpg" />
	<meta property="og:image:width" content="2560" />
	<meta property="og:image:height" content="1920" />
	<meta property="og:image:type" content="image/jpeg" />
<meta name="twitter:card" content="summary_large_image" />
<meta name="twitter:label1" content="Tiempo de lectura" />
	<meta name="twitter:data1" content="1 minuto" />
<script type="application/ld+json" class="yoast-schema-graph">{"@context":"https://schema.org","@graph":[{"@type":"WebPage","@id":"https://redaccionjuvenil.es/?tribe_events=dia-del-arte-actividad-de-scrapbooking","url":"https://redaccionjuvenil.es/?tribe_events=dia-del-arte-actividad-de-scrapbooking","name":"Día del Arte: actividad de scrapbooking - RED-ACCIÓN JUVENIL","isPartOf":{"@id":"https://redaccionjuvenil.es/#website"},"primaryImageOfPage":{"@id":"https://redaccionjuvenil.es/?tribe_events=dia-del-arte-actividad-de-scrapbooking#primaryimage"},"image":{"@id":"https://redaccionjuvenil.es/?tribe_events=dia-del-arte-actividad-de-scrapbooking#primaryimage"},"thumbnailUrl":"https://redaccionjuvenil.es/wp-content/uploads/2026/04/sh1ra-vision-board-520757-300x225.jpg","datePublished":"2026-04-08T15:30:59+00:00","description":"ASPAYM Juventud celebra el Día del Arte haciendo scrapbooking. La actividad será el 15 de abril a las 18.00 horas en el Espacio Joven Norte.","breadcrumb":{"@id":"https://redaccionjuvenil.es/?tribe_events=dia-del-arte-actividad-de-scrapbooking#breadcrumb"},"inLanguage":"es","potentialAction":[{"@type":"ReadAction","target":["https://redaccionjuvenil.es/?tribe_events=dia-del-arte-actividad-de-scrapbooking"]}]},{"@type":"ImageObject","inLanguage":"es","@id":"https://redaccionjuvenil.es/?tribe_events=dia-del-arte-actividad-de-scrapbooking#primaryimage","url":"https://redaccionjuvenil.es/wp-content/uploads/2026/04/sh1ra-vision-board-520757-scaled.jpg","contentUrl":"https://redaccionjuvenil.es/wp-content/uploads/2026/04/sh1ra-vision-board-520757-scaled.jpg","width":2560,"height":1920,"caption":"Libreta con recortes que forman un collage."},{"@type":"BreadcrumbList","@id":"https://redaccionjuvenil.es/?tribe_events=dia-del-arte-actividad-de-scrapbooking#breadcrumb","itemListElement":[{"@type":"ListItem","position":1,"name":"Portada","item":"https://redaccionjuvenil.es/"},{"@type":"ListItem","position":2,"name":"Eventos","item":"https://redaccionjuvenil.es/?post_type=tribe_events"},{"@type":"ListItem","position":3,"name":"Día del Arte: actividad de scrapbooking"}]},{"@type":"WebSite","@id":"https://redaccionjuvenil.es/#website","url":"https://redaccionjuvenil.es/","name":"RED-ACCIÓN JUVENIL","description":"DONDE LA JUVENTUD INFORMA Y TRANSFORMA","publisher":{"@id":"https://redaccionjuvenil.es/#organization"},"potentialAction":[{"@type":"SearchAction","target":{"@type":"EntryPoint","urlTemplate":"https://redaccionjuvenil.es/?s={search_term_string}"},"query-input":{"@type":"PropertyValueSpecification","valueRequired":true,"valueName":"search_term_string"}}],"inLanguage":"es"},{"@type":"Organization","@id":"https://redaccionjuvenil.es/#organization","name":"RED-ACCIÓN JUVENIL","url":"https://redaccionjuvenil.es/","logo":{"@type":"ImageObject","inLanguage":"es","@id":"https://redaccionjuvenil.es/#/schema/logo/image/","url":"https://redaccionjuvenil.es/wp-content/uploads/2026/03/cropped-cropped-logo_redaccion_juvenil_primer_propuesta-1.png","contentUrl":"https://redaccionjuvenil.es/wp-content/uploads/2026/03/cropped-cropped-logo_redaccion_juvenil_primer_propuesta-1.png","width":723,"height":723,"caption":"RED-ACCIÓN JUVENIL"},"image":{"@id":"https://redaccionjuvenil.es/#/schema/logo/image/"}}]}</script>
<!-- / Yoast SEO plugin. -->

Día del Arte: actividad de scrapbooking - RED-ACCIÓN JUVENIL

ASPAYM Juventud celebra el Día del Arte haciendo scrapbooking. La actividad será el 15 de abril a las 18.00 horas en el Espacio Joven Norte.

RED-ACCIÓN JUVENIL
