{"id":790,"date":"2026-04-08T15:47:52","date_gmt":"2026-04-08T15:47:52","guid":{"rendered":"https:\/\/redaccionjuvenil.es\/?post_type=tribe_events&#038;p=790"},"modified":"2026-04-08T15:47:52","modified_gmt":"2026-04-08T15:47:52","slug":"salud-mental-en-los-jovenes-ymca","status":"publish","type":"tribe_events","link":"https:\/\/redaccionjuvenil.es\/?tribe_events=salud-mental-en-los-jovenes-ymca","title":{"rendered":"Salud mental en los j\u00f3venes &#8211; YMCA"},"content":{"rendered":"<p>La Asociaci\u00f3n El Puente Salud Mental se une a YMCA para realizar una jornada dirigida a j\u00f3venes de secundaria con el objetivo de tratar la importancia que tiene la salud mental.<\/p>\n","protected":false},"excerpt":{"rendered":"<p>La Asociaci\u00f3n El Puente Salud Mental se une a YMCA para realizar una jornada dirigida a j\u00f3venes de secundaria con el objetivo de tratar la importancia que tiene la salud&#8230;<\/p>\n","protected":false},"author":15,"featured_media":0,"template":"","meta":{"_kadence_starter_templates_imported_post":false,"_tribe_events_status":"","_tribe_events_status_reason":"","footnotes":""},"tags":[],"tribe_events_cat":[],"class_list":["post-790","tribe_events","type-tribe_events","status-publish","hentry"],"yoast_head":"<!-- This site is optimized with the Yoast SEO plugin v27.1.1 - https:\/\/yoast.com\/product\/yoast-seo-wordpress\/ -->\n<title>Salud mental en los j\u00f3venes - YMCA - RED-ACCI\u00d3N JUVENIL<\/title>\n<meta name=\"robots\" content=\"index, follow, max-snippet:-1, max-image-preview:large, max-video-preview:-1\" \/>\n<link rel=\"canonical\" href=\"https:\/\/redaccionjuvenil.es\/?tribe_events=salud-mental-en-los-jovenes-ymca\" \/>\n<meta property=\"og:locale\" content=\"es_ES\" \/>\n<meta property=\"og:type\" content=\"article\" \/>\n<meta property=\"og:title\" content=\"Salud mental en los j\u00f3venes - YMCA - RED-ACCI\u00d3N JUVENIL\" \/>\n<meta property=\"og:description\" content=\"La Asociaci\u00f3n El Puente Salud Mental se une a YMCA para realizar una jornada dirigida a j\u00f3venes de secundaria con el objetivo de tratar la importancia que tiene la salud...\" \/>\n<meta property=\"og:url\" content=\"https:\/\/redaccionjuvenil.es\/?tribe_events=salud-mental-en-los-jovenes-ymca\" \/>\n<meta property=\"og:site_name\" content=\"RED-ACCI\u00d3N JUVENIL\" \/>\n<meta name=\"twitter:card\" content=\"summary_large_image\" \/>\n<meta name=\"twitter:label1\" content=\"Tiempo de lectura\" \/>\n\t<meta name=\"twitter:data1\" content=\"1 minuto\" \/>\n<script type=\"application\/ld+json\" class=\"yoast-schema-graph\">{\"@context\":\"https:\/\/schema.org\",\"@graph\":[{\"@type\":\"WebPage\",\"@id\":\"https:\/\/redaccionjuvenil.es\/?tribe_events=salud-mental-en-los-jovenes-ymca\",\"url\":\"https:\/\/redaccionjuvenil.es\/?tribe_events=salud-mental-en-los-jovenes-ymca\",\"name\":\"Salud mental en los j\u00f3venes - YMCA - RED-ACCI\u00d3N JUVENIL\",\"isPartOf\":{\"@id\":\"https:\/\/redaccionjuvenil.es\/#website\"},\"datePublished\":\"2026-04-08T15:47:52+00:00\",\"breadcrumb\":{\"@id\":\"https:\/\/redaccionjuvenil.es\/?tribe_events=salud-mental-en-los-jovenes-ymca#breadcrumb\"},\"inLanguage\":\"es\",\"potentialAction\":[{\"@type\":\"ReadAction\",\"target\":[\"https:\/\/redaccionjuvenil.es\/?tribe_events=salud-mental-en-los-jovenes-ymca\"]}]},{\"@type\":\"BreadcrumbList\",\"@id\":\"https:\/\/redaccionjuvenil.es\/?tribe_events=salud-mental-en-los-jovenes-ymca#breadcrumb\",\"itemListElement\":[{\"@type\":\"ListItem\",\"position\":1,\"name\":\"Portada\",\"item\":\"https:\/\/redaccionjuvenil.es\/\"},{\"@type\":\"ListItem\",\"position\":2,\"name\":\"Eventos\",\"item\":\"https:\/\/redaccionjuvenil.es\/?post_type=tribe_events\"},{\"@type\":\"ListItem\",\"position\":3,\"name\":\"Salud mental en los j\u00f3venes &#8211; YMCA\"}]},{\"@type\":\"WebSite\",\"@id\":\"https:\/\/redaccionjuvenil.es\/#website\",\"url\":\"https:\/\/redaccionjuvenil.es\/\",\"name\":\"RED-ACCI\u00d3N JUVENIL\",\"description\":\"DONDE LA JUVENTUD INFORMA Y TRANSFORMA\",\"publisher\":{\"@id\":\"https:\/\/redaccionjuvenil.es\/#organization\"},\"potentialAction\":[{\"@type\":\"SearchAction\",\"target\":{\"@type\":\"EntryPoint\",\"urlTemplate\":\"https:\/\/redaccionjuvenil.es\/?s={search_term_string}\"},\"query-input\":{\"@type\":\"PropertyValueSpecification\",\"valueRequired\":true,\"valueName\":\"search_term_string\"}}],\"inLanguage\":\"es\"},{\"@type\":\"Organization\",\"@id\":\"https:\/\/redaccionjuvenil.es\/#organization\",\"name\":\"RED-ACCI\u00d3N JUVENIL\",\"url\":\"https:\/\/redaccionjuvenil.es\/\",\"logo\":{\"@type\":\"ImageObject\",\"inLanguage\":\"es\",\"@id\":\"https:\/\/redaccionjuvenil.es\/#\/schema\/logo\/image\/\",\"url\":\"https:\/\/redaccionjuvenil.es\/wp-content\/uploads\/2026\/03\/cropped-cropped-logo_redaccion_juvenil_primer_propuesta-1.png\",\"contentUrl\":\"https:\/\/redaccionjuvenil.es\/wp-content\/uploads\/2026\/03\/cropped-cropped-logo_redaccion_juvenil_primer_propuesta-1.png\",\"width\":723,\"height\":723,\"caption\":\"RED-ACCI\u00d3N JUVENIL\"},\"image\":{\"@id\":\"https:\/\/redaccionjuvenil.es\/#\/schema\/logo\/image\/\"}}]}<\/script>\n<!-- \/ Yoast SEO plugin. -->","yoast_head_json":{"title":"Salud mental en los j\u00f3venes - YMCA - RED-ACCI\u00d3N JUVENIL","robots":{"index":"index","follow":"follow","max-snippet":"max-snippet:-1","max-image-preview":"max-image-preview:large","max-video-preview":"max-video-preview:-1"},"canonical":"https:\/\/redaccionjuvenil.es\/?tribe_events=salud-mental-en-los-jovenes-ymca","og_locale":"es_ES","og_type":"article","og_title":"Salud mental en los j\u00f3venes - YMCA - RED-ACCI\u00d3N JUVENIL","og_description":"La Asociaci\u00f3n El Puente Salud Mental se une a YMCA para realizar una jornada dirigida a j\u00f3venes de secundaria con el objetivo de tratar la importancia que tiene la salud...","og_url":"https:\/\/redaccionjuvenil.es\/?tribe_events=salud-mental-en-los-jovenes-ymca","og_site_name":"RED-ACCI\u00d3N JUVENIL","twitter_card":"summary_large_image","twitter_misc":{"Tiempo de lectura":"1 minuto"},"schema":{"@context":"https:\/\/schema.org","@graph":[{"@type":"WebPage","@id":"https:\/\/redaccionjuvenil.es\/?tribe_events=salud-mental-en-los-jovenes-ymca","url":"https:\/\/redaccionjuvenil.es\/?tribe_events=salud-mental-en-los-jovenes-ymca","name":"Salud mental en los j\u00f3venes - YMCA - RED-ACCI\u00d3N JUVENIL","isPartOf":{"@id":"https:\/\/redaccionjuvenil.es\/#website"},"datePublished":"2026-04-08T15:47:52+00:00","breadcrumb":{"@id":"https:\/\/redaccionjuvenil.es\/?tribe_events=salud-mental-en-los-jovenes-ymca#breadcrumb"},"inLanguage":"es","potentialAction":[{"@type":"ReadAction","target":["https:\/\/redaccionjuvenil.es\/?tribe_events=salud-mental-en-los-jovenes-ymca"]}]},{"@type":"BreadcrumbList","@id":"https:\/\/redaccionjuvenil.es\/?tribe_events=salud-mental-en-los-jovenes-ymca#breadcrumb","itemListElement":[{"@type":"ListItem","position":1,"name":"Portada","item":"https:\/\/redaccionjuvenil.es\/"},{"@type":"ListItem","position":2,"name":"Eventos","item":"https:\/\/redaccionjuvenil.es\/?post_type=tribe_events"},{"@type":"ListItem","position":3,"name":"Salud mental en los j\u00f3venes &#8211; YMCA"}]},{"@type":"WebSite","@id":"https:\/\/redaccionjuvenil.es\/#website","url":"https:\/\/redaccionjuvenil.es\/","name":"RED-ACCI\u00d3N JUVENIL","description":"DONDE LA JUVENTUD INFORMA Y TRANSFORMA","publisher":{"@id":"https:\/\/redaccionjuvenil.es\/#organization"},"potentialAction":[{"@type":"SearchAction","target":{"@type":"EntryPoint","urlTemplate":"https:\/\/redaccionjuvenil.es\/?s={search_term_string}"},"query-input":{"@type":"PropertyValueSpecification","valueRequired":true,"valueName":"search_term_string"}}],"inLanguage":"es"},{"@type":"Organization","@id":"https:\/\/redaccionjuvenil.es\/#organization","name":"RED-ACCI\u00d3N JUVENIL","url":"https:\/\/redaccionjuvenil.es\/","logo":{"@type":"ImageObject","inLanguage":"es","@id":"https:\/\/redaccionjuvenil.es\/#\/schema\/logo\/image\/","url":"https:\/\/redaccionjuvenil.es\/wp-content\/uploads\/2026\/03\/cropped-cropped-logo_redaccion_juvenil_primer_propuesta-1.png","contentUrl":"https:\/\/redaccionjuvenil.es\/wp-content\/uploads\/2026\/03\/cropped-cropped-logo_redaccion_juvenil_primer_propuesta-1.png","width":723,"height":723,"caption":"RED-ACCI\u00d3N JUVENIL"},"image":{"@id":"https:\/\/redaccionjuvenil.es\/#\/schema\/logo\/image\/"}}]}},"_links":{"self":[{"href":"https:\/\/redaccionjuvenil.es\/index.php?rest_route=\/wp\/v2\/tribe_events\/790","targetHints":{"allow":["GET"]}}],"collection":[{"href":"https:\/\/redaccionjuvenil.es\/index.php?rest_route=\/wp\/v2\/tribe_events"}],"about":[{"href":"https:\/\/redaccionjuvenil.es\/index.php?rest_route=\/wp\/v2\/types\/tribe_events"}],"author":[{"embeddable":true,"href":"https:\/\/redaccionjuvenil.es\/index.php?rest_route=\/wp\/v2\/users\/15"}],"version-history":[{"count":1,"href":"https:\/\/redaccionjuvenil.es\/index.php?rest_route=\/wp\/v2\/tribe_events\/790\/revisions"}],"predecessor-version":[{"id":798,"href":"https:\/\/redaccionjuvenil.es\/index.php?rest_route=\/wp\/v2\/tribe_events\/790\/revisions\/798"}],"wp:attachment":[{"href":"https:\/\/redaccionjuvenil.es\/index.php?rest_route=%2Fwp%2Fv2%2Fmedia&parent=790"}],"wp:term":[{"taxonomy":"post_tag","embeddable":true,"href":"https:\/\/redaccionjuvenil.es\/index.php?rest_route=%2Fwp%2Fv2%2Ftags&post=790"},{"taxonomy":"tribe_events_cat","embeddable":true,"href":"https:\/\/redaccionjuvenil.es\/index.php?rest_route=%2Fwp%2Fv2%2Ftribe_events_cat&post=790"}],"curies":[{"name":"wp","href":"https:\/\/api.w.org\/{rel}","templated":true}]}}

Salud mental en los jóvenes &#8211; YMCA

<p>La Asociación El Puente Salud Mental se une a YMCA para realizar una jornada dirigida a jóvenes de secundaria con el objetivo de tratar la importancia que tiene la salud mental.</p>

<p>La Asociación El Puente Salud Mental se une a YMCA para realizar una jornada dirigida a jóvenes de secundaria con el objetivo de tratar la importancia que tiene la salud&#8230;</p>

<!-- This site is optimized with the Yoast SEO plugin v27.1.1 - https://yoast.com/product/yoast-seo-wordpress/ -->
<title>Salud mental en los jóvenes - YMCA - RED-ACCIÓN JUVENIL</title>
<meta name="robots" content="index, follow, max-snippet:-1, max-image-preview:large, max-video-preview:-1" />
<link rel="canonical" href="https://redaccionjuvenil.es/?tribe_events=salud-mental-en-los-jovenes-ymca" />
<meta property="og:locale" content="es_ES" />
<meta property="og:type" content="article" />
<meta property="og:title" content="Salud mental en los jóvenes - YMCA - RED-ACCIÓN JUVENIL" />
<meta property="og:description" content="La Asociación El Puente Salud Mental se une a YMCA para realizar una jornada dirigida a jóvenes de secundaria con el objetivo de tratar la importancia que tiene la salud..." />
<meta property="og:url" content="https://redaccionjuvenil.es/?tribe_events=salud-mental-en-los-jovenes-ymca" />
<meta property="og:site_name" content="RED-ACCIÓN JUVENIL" />
<meta name="twitter:card" content="summary_large_image" />
<meta name="twitter:label1" content="Tiempo de lectura" />
	<meta name="twitter:data1" content="1 minuto" />
<script type="application/ld+json" class="yoast-schema-graph">{"@context":"https://schema.org","@graph":[{"@type":"WebPage","@id":"https://redaccionjuvenil.es/?tribe_events=salud-mental-en-los-jovenes-ymca","url":"https://redaccionjuvenil.es/?tribe_events=salud-mental-en-los-jovenes-ymca","name":"Salud mental en los jóvenes - YMCA - RED-ACCIÓN JUVENIL","isPartOf":{"@id":"https://redaccionjuvenil.es/#website"},"datePublished":"2026-04-08T15:47:52+00:00","breadcrumb":{"@id":"https://redaccionjuvenil.es/?tribe_events=salud-mental-en-los-jovenes-ymca#breadcrumb"},"inLanguage":"es","potentialAction":[{"@type":"ReadAction","target":["https://redaccionjuvenil.es/?tribe_events=salud-mental-en-los-jovenes-ymca"]}]},{"@type":"BreadcrumbList","@id":"https://redaccionjuvenil.es/?tribe_events=salud-mental-en-los-jovenes-ymca#breadcrumb","itemListElement":[{"@type":"ListItem","position":1,"name":"Portada","item":"https://redaccionjuvenil.es/"},{"@type":"ListItem","position":2,"name":"Eventos","item":"https://redaccionjuvenil.es/?post_type=tribe_events"},{"@type":"ListItem","position":3,"name":"Salud mental en los jóvenes &#8211; YMCA"}]},{"@type":"WebSite","@id":"https://redaccionjuvenil.es/#website","url":"https://redaccionjuvenil.es/","name":"RED-ACCIÓN JUVENIL","description":"DONDE LA JUVENTUD INFORMA Y TRANSFORMA","publisher":{"@id":"https://redaccionjuvenil.es/#organization"},"potentialAction":[{"@type":"SearchAction","target":{"@type":"EntryPoint","urlTemplate":"https://redaccionjuvenil.es/?s={search_term_string}"},"query-input":{"@type":"PropertyValueSpecification","valueRequired":true,"valueName":"search_term_string"}}],"inLanguage":"es"},{"@type":"Organization","@id":"https://redaccionjuvenil.es/#organization","name":"RED-ACCIÓN JUVENIL","url":"https://redaccionjuvenil.es/","logo":{"@type":"ImageObject","inLanguage":"es","@id":"https://redaccionjuvenil.es/#/schema/logo/image/","url":"https://redaccionjuvenil.es/wp-content/uploads/2026/03/cropped-cropped-logo_redaccion_juvenil_primer_propuesta-1.png","contentUrl":"https://redaccionjuvenil.es/wp-content/uploads/2026/03/cropped-cropped-logo_redaccion_juvenil_primer_propuesta-1.png","width":723,"height":723,"caption":"RED-ACCIÓN JUVENIL"},"image":{"@id":"https://redaccionjuvenil.es/#/schema/logo/image/"}}]}</script>
<!-- / Yoast SEO plugin. -->

Salud mental en los jóvenes - YMCA - RED-ACCIÓN JUVENIL

La Asociación El Puente Salud Mental se une a YMCA para realizar una jornada dirigida a jóvenes de secundaria con el objetivo de tratar la importancia que tiene la salud...

RED-ACCIÓN JUVENIL
